dreds digit of 576349?
3
What is the tens digit of 2688896?
9
What is the hundred thousands digit of 543548?
5
What is the thousands digit of 300627?
0
What is the millions digit of 1755826?
1
What is the hundred thousands digit of 600775?
6
What is the hundreds digit of 15553881?
8
What is the hundreds digit of 44386?
3
What is the millions digit of 2480678?
2
What is the ten thousands digit of 7880541?
8
What is the tens digit of 996405?
0
What is the thousands digit of 2172655?
2
What is the ten thousands digit of 3122395?
2
What is the thousands digit of 15953?
5
What is the tens digit of 2985632?
3
What is the thousands digit of 1331015?
1
What is the hundreds digit of 321072?
0
What is the hundreds digit of 2745530?
5
What is the units digit of 193461?
1
What is the hundreds digit of 22031?
0
What is the millions digit of 9184590?
9
What is the hundreds digit of 6038943?
9
What is the thousands digit of 38685509?
5
What is the hundreds digit of 11580389?
3
What is the tens digit of 1522412?
1
What is the ten thousands digit of 2015858?
1
What is the thousands digit of 753196?
3
What is the tens digit of 1152450?
5
What is the thousands digit of 486985?
6
What is the millions digit of 2673575?
2
What is the hundreds digit of 3527379?
3
What is the ten thousands digit of 3301821?
0
What is the hundreds digit of 18389?
3
What is the thousands digit of 690164?
0
What is the hundred thousands digit of 8283659?
2
What is the hundred thousands digit of 1320342?
3
What is the hundred thousands digit of 4838576?
8
What is the thousands digit of 2203015?
3
What is the tens digit of 229390?
9
What is the tens digit of 1873853?
5
What is the hundred thousands digit of 2307681?
3
What is the thousands digit of 1569584?
9
What is the ten thousands digit of 1358506?
5
What is the ten thousands digit of 734843?
3
What is the millions digit of 17616196?
7
What is the hundred thousands digit of 1753474?
7
What is the units digit of 189782?
2
What is the hundred thousands digit of 1657143?
6
What is the hundreds digit of 5398856?
8
What is the ten thousands digit of 79605?
7
What is the millions digit of 5251026?
5
What is the ten thousands digit of 120535?
2
What is the ten thousands digit of 24865295?
6
What is the ten thousands digit of 696395?
9
What is the hundred thousands digit of 240581?
2
What is the ten thousands digit of 11404626?
0
What is the thousands digit of 38730978?
0
What is the thousands digit of 195532?
5
What is the ten thousands digit of 131130?
3
What is the units digit of 148809?
9
What is the tens digit of 3368632?
3
What is the hundreds digit of 156286?
2
What is the tens digit of 697317?
1
What is the thousands digit of 106823?
6
What is the hundreds digit of 630733?
7
What is the units digit of 44816?
6
What is the hundreds digit of 56556?
5
What is the tens digit of 657293?
9
What is the tens digit of 5319887?
8
What is the ten thousands digit of 615820?
1
What is the ten thousands digit of 7584834?
8
What is the units digit of 546824?
4
What is the ten thousands digit of 169795?
6
What is the units digit of 401992?
2
What is the units digit of 1504374?
4
What is the thousands digit of 3827104?
7
What is the tens digit of 6084369?
6
What is the thousands digit of 16443241?
3
What is the hundreds digit of 221089?
0
What is the ten thousands digit of 5657361?
5
What is the millions digit of 1236301?
1
What is the units digit of 115077?
7
What is the hundreds digit of 1274594?
5
What is the thousands digit of 11451569?
1
What is the tens digit of 657729?
2
What is the ten thousands digit of 655782?
5
What is the ten thousands digit of 518528?
1
What is the hundred thousands digit of 10240183?
2
What is the ten thousands digit of 122126?
2
What is the ten thousands digit of 1597625?
9
What is the units digit of 453164?
4
What is the tens digit of 2740511?
1
What is the thousands digit of 3393708?
3
What is the thousands digit of 669178?
9
What is the thousands digit of 898840?
8
What is the hundreds digit of 44850?
8
What is the ten thousands digit of 121396?
2
What is the thousands digit of 725943?
5
What is the hundreds digit of 226940?
9
What is the units digit of 16578?
8
What is the thousands digit of 849141?
9
What is the tens digit of 62751?
5
What is the units digit of 359822?
2
What is the millions digit of 6276561?
6
What is the hundreds digit of 3021909?
9
What is the tens digit of 8461226?
2
What is the units digit of 21397906?
6
What is the hundred thousands digit of 30398486?
3
What is the hundreds digit of 2161260?
2
What is the ten millions digit of 37056407?
3
What is the thousands digit of 4868944?
8
What is the tens digit of 8732313?
1
What is the tens digit of 167984?
8
What is the tens digit of 737323?
2
What is the ten thousands digit of 2500830?
0
What is the hundreds digit of 10206709?
7
What is the ten thousands digit of 473791?
7
What is the hundreds digit of 2959459?
4
What is the tens digit of 239794?
9
What is the ten thousands digit of 186430?
8
What is the ten thousands digit of 269422?
6
What is the ten thousands digit of 743566?
4
What is the hundreds digit of 39633?
6
What is the thousands digit of 282248?
2
What is the tens digit of 299123?
2
What is the hundred thousands digit of 34427090?
4
What is the tens digit of 3685628?
2
What is the hundred thousands digit of 2074926?
0
What is the ten thousands digit of 176077?
7
What is the millions digit of 24707206?
4
What is the thousands digit of 913353?
3
What is the hundreds digit of 1631528?
5
What is the hundreds digit of 6970735?
7
What is the ten thousands digit of 2376962?
7
What is the hundred thousands digit of 15184379?
1
What is the tens digit of 1751710?
1
What is the hundreds digit of 313743?
7
What is the tens digit of 955039?
3
What is the units digit of 176374?
4
What is the hundreds digit of 491649?
6
What is the tens digit of 867102?
0
What is the units digit of 386767?
7
What is the tens digit of 1802049?
4
What is the ten thousands digit of 1122549?
2
What is the units digit of 2803140?
0
What is the thousands digit of 43494?
3
What is the units digit of 222416?
6
What is the units digit of 286116?
6
What is the millions digit of 16233635?
6
What is the hundreds digit of 233825?
8
What is the units digit of 18776405?
5
What is the tens digit of 5233133?
3
What is the hundreds digit of 1065251?
2
What is the hundred thousands digit of 991918?
9
What is the thousands digit of 94513?
4
What is the hundreds digit of 1122230?
2
What is the thousands digit of 583426?
3
What is the ten thousands digit of 4384623?
8
What is the hundreds digit of 16587623?
6
What is the tens digit of 9204934?
3
What is the units digit of 96564?
4
What is the units digit of 5981470?
0
What is the hundreds digit of 6677541?
5
What is the thousands digit of 2876232?
6
What is the millions digit of 32374215?
2
What is the hundreds digit of 1361466?
4
What is the hundred thousands digit of 222185?
2
What is the ten thousands digit of 192747?
9
What is the hundred thousands digit of 9356422?
3
What is the units digit of 919572?
2
What is the ten thousands digit of 2178185?
7
What is the ten thousands digit of 145154?
4
What is the ten thousands digit of 2164565?
6
What is the units digit of 168528?
8
What is the units digit of 728081?
1
What is the hundreds digit of 3557179?
1
What is the ten thousands digit of 1767356?
6
What is the hundreds digit of 1267932?
9
What is the hundred thousands digit of 9944516?
9
What is the tens digit of 4240961?
6
What is the hundreds digit of 2577003?
0
What is the units digit of 167874?
4
What is the tens digit of 262895?
9
What is the ten thousands digit of 3045296?
4
What is the thousands digit of 185711?
5
What is the tens digit of 4095420?
2
What is the units digit of 294980?
0
What is the thousands digit of 2154805?
4
What is the ten thousands digit of 2891188?
9
What is the ten millions digit of 23789736?
2
What is the millions digit of 6463673?
6
What is the tens digit of 7403572?
7
What is the hundreds digit of 10213965?
9
What is the tens digit of 877099?
9
What is the tens digit of 1071261?
6
What is the hundreds digit of 346379?
3
What is the units digit of 1140711?
1
What is the hundreds digit of 2772681?
6
W